 - 441. Is b(-115) a prime number?
False
Suppose 3*r + 39 = 30. Let j(t) = 268*t**2 - t - 2. Is j(r) composite?
True
Let l be 1 + ((-18)/3 + 2 - -1). Is -9 + 9 + (574 - 3 - l) a prime number?
False
Suppose -3*w - 5*k = -6*w + 23258, -w + 5*k = -7756. Is w a prime number?
False
Suppose 6*y = -3 + 45. Is 2/y - (-8888)/56 prime?
False
Let p = 373387 + -200736. Is p composite?
True
Suppose -17*n + 19*n = -5*o + 3116247, 4*o - 2492993 = 3*n. Is o prime?
False
Is (6/(-4) - (-31)/(-62))*5013774/(-36) a composite number?
False
Suppose -2*t + 5 = -n + 8, 4*t - 29 = -5*n. Suppose -n*k = -25, -2*q + 737 = -3*k - 23418. Is q a composite number?
True
Let h = -2826972 + 4771283. Is h composite?
False
Let h = 218324 + -133873. Is h a prime number?
False
Let b = -2327 + 2301. Suppose 0*z + 4*z = -t + 315, 2*z = -4*t + 168. Is (-23118)/b + (-12)/z composite?
True
Let f be 4 + (4*-2 - -4). Let b be f/(-2 - (-2 - -1)). Suppose -7*q + 8*q - 113 = b. Is q a composite number?
False
Let p(q) = q**3 + q**2 - q - 1. Let c(u) = -7*u**3 + 12*u**2 - 18*u + 22. Suppose -r - 21 = -20. Let o(w) = r*c(w) - 6*p(w). Is o(17) composite?
False
Suppose 0 = -3*i + 680 + 661. Let w = 845 - i. Suppose 5*y + 103 = w. Is y a prime number?
True
Suppose 4*r = -o + 765, -5*r - 7*o = -3*o - 948. Let d(t) = -5*t**2 + 14*t - 1. Let a be d(6). Let i = r + a. Is i composite?
True
Suppose 7*u - 62 = -90. Let f(o) = -11*o + 150. Is f(u) a composite number?
True
Let d(l) be the first derivative of -569*l**2 - 49*l - 131. Is d(-8) a composite number?
True
Let p be 3 + -3 + (-4)/(-1). Suppose 0 = p*u + u - 5. Is 8 + -9 + u + 1759 a prime number?
True
Suppose 9*r - 13*r + 12 = 0. Let m be (r - (-35)/(-15))*6. Suppose 0 = -b - 4*v + 1847, b - 2*v - 9235 = -m*b. Is b composite?
False
Is (-3139428)/45*80/(-32)*(-6)/(-4) a composite number?
False
Let g(m) = 46 + 13*m**2 + 4*m**2 - 91 + 8*m - 2*m**2. Is g(10) prime?
False
Let x(u) = 5*u**2 - 2*u + 665. Let y be x(0). Suppose 10*a = -y + 55455. Is a composite?
False
Suppose 14*a = 97*a - 9326959. Is a a prime number?
False
Let m(n) = 45*n**3 + 2*n**2 - n - 29. Let l(i) = 11*i - 239. Let t be l(22). Is m(t) a prime number?
True
Let j(b) = 1318*b - 17. Let m be j(1). Let h = m - 504. Is h a prime number?
True
Suppose 4*q + 8 = 0, 0 = -5*b + 3*q + 663 + 628. Let x(a) = -14*a + 44. Let c be x(3). Suppose c*h - b = -83. Is h a prime number?
False
Suppose -f = -2839 - 2693. Suppose -4*y - 4*z = f, -z + 5*z + 16 = 0. Is ((-5)/10)/(2/4)*y a composite number?
True
Suppose 93 - 27 = 22*t. Suppose -5*x + 5995 = 7*a - 5*a, -14972 = -5*a + t*x. Is a prime?
False
Let b be (-36)/(-2) + (-9)/(-3). Is (3522/(-4))/(b/(-28)) a composite number?
True
Is 10/115 + (-41478063)/(-253) a composite number?
True
Let m(h) = 4*h. Let w be m(3). Let v be (1707 + -1)/(8/w). Suppose -3*f = 4*l - 2559, 3*f = l - 0*l + v. Is f a prime number?
True
Suppose -3*w - 8 = -3*i + 7, -5*w + 20 = 4*i. Let t be (-1 - 10/i)/((-1)/2). Suppose 2 = -t*p + 476. Is p composite?
False
Is (-3 + (-16)/(-4))*11/(154/398986) a composite number?
False
Suppose 0 = -51*r + 1554802 + 7008875 + 18225909. Is r a prime number?
False
Let x(p) = p**3 - 8*p**2 - 5*p - 24. Let f be x(9). Suppose -9*m + 102 = -f*m. Is 14809/13 - m/(-221) a composite number?
True
Suppose 136*m - 5*m = 155339669. Is m a prime number?
False
Suppose 33*d - 31*d + 9918 = 0. Let r = d - -9042. Is r prime?
False
Suppose 8*t - 85*t + 1468159 = 0. Is t a prime number?
False
Let w be (2981/(-3))/((-3)/9). Let t be w - (0 - -3 - 4). Suppose -3*a - 3*b + 1608 = 0, 0 = 4*a - 3*b + 803 - t. Is a a prime number?
True
Let p be -3*(-2 + (1 - -5)). Is ((-8696)/12)/(p/36) composite?
True
Suppose -13 + 45 = x. Let t(b) = -32 + 61 - 488*b - x. Is t(-3) a prime number?
False
Let x(u) be the first derivative of 8*u**3/3 - 4*u**2 + 29*u + 22. Is x(-12) a composite number?
False
Suppose -10*h + 1678107 = -666463. Is h a prime number?
True
Let s = 1150 - 517. Let f = s - -1074. Suppose f = -115*l + 116*l. Is l composite?
True
Let h = 4113777 + -2620640. Is h a prime number?
False
Let g = -2127 + -6683. Let r = -6087 - g. Is r composite?
True
Let s be 12/(-150) + (-888)/150. Is (-6)/(-4)*(-20588)/s composite?
False
Let g(p) = -2687*p - 1166. Is g(-9) composite?
False
Let l(i) be the second derivative of 329*i**3/6 - 32*i**2 - 33*i. Let y be l(-9). Let s = 4664 + y. Is s composite?
True
Let p(c) = -5*c - 26. Let z be p(-6). Suppose 11720 = 4*m + z*j, -3*j - j = -12. Is m a prime number?
True
Suppose 3*l - 99 - 27 = -11*l. Suppose 0 = 4*p + v - 1649, -3*p - 3*v = v - 1240. Suppose -5*t + l*t = p. Is t composite?
False
Let o(l) = 147192*l**3 - 8*l**2 - 16*l + 23. Is o(1) a composite number?
True
Let y(x) = 34*x**3 + 27*x**2 - 79*x - 317. Is y(18) composite?
False
Let w(t) = 14*t**2 + 2*t + 11. Suppose 93 + 147 = 6*n. Suppose 4*a + 4*a = n. Is w(a) prime?
False
Suppose -19*h + 188292 = -2*h. Let n = h + -6410. Is n a composite number?
True
Suppose 6*o - 3*o = 24. Suppose 5*c = -2*z - 21 + 1, 4*z = 4*c + 16. Suppose -g + 2 + o = z. Is g a composite number?
True
Let v be (-3625)/319 + (-8)/(-22). Let q(r) be the second derivative of 7*r**4/6 + 17*r**3/6 + 5*r**2 + r. Is q(v) prime?
False
Suppose 0 = -2*x + 50*x - 9278352. Is x a composite number?
True
Let z(u) be the second derivative of 36*u**4 + u**3/2 - u**2/2 + 61*u. Is z(2) composite?
False
Let z = -10 - -13. Suppose -4*y = 2*m - 0*m - 3784, -1892 = -2*y + z*m. Suppose -4*s - 2*b + 1581 = -293, -2*s = 4*b - y. Is s a composite number?
False
Let c = -4582 - -8476. Suppose m - c = n, -2*n = -2*m - 3*n + 7803. Is m prime?
False
Let v = 49 - 42. Let h(u) = 63*u - v + 0 + 113*u. Is h(3) prime?
True
Let x(o) = 3*o + 4. Let l = -35 - -37. Let h be x(l). Is 4192/h + (-23)/115 a composite number?
False
Suppose i + i = 4. Let g(j) = 3*j - 1. Let n be g(i). Suppose 0 = 7*c - n*c - 442. Is c prime?
False
Suppose 10*j - 285744 = 6*j. Suppose 26*k - j = 14*k. Is k composite?
False
Let t(w) = 136*w**2 - 2*w - 35. Let o be t(-6). Suppose 5*l - 531 + 4173 = 3*z, 4*z - l - o = 0. Is z composite?
True
Suppose -4*d + 391771 = 5*t, -3*d + 5*d = 2*t - 156730. Is t composite?
True
Suppose -3*f - 590 = -4*o - o, -3*o = -5*f - 370. Suppose 114*j + 1502 = o*j. Is j prime?
False
Suppose 3*n = -9, -3*n = 3*g - 111377 - 302329. Is g prime?
False
Suppose 0 = 2*o - 4*n + 16, -4*o + 12*n - 10*n - 14 = 0. Is ((-16)/(-24))/(o/(-88989)) prime?
True
Let q = 35 + -30. Let b(d) = 1 + 5*d**2 + 0*d**2 + 5*d**2 - 12*d**2 - q*d**3 - d. Is b(-2) prime?
False
Suppose -4616*i + 5679173 = -4599*i. Is i composite?
False
Let m(z) = -z**3 - 16*z**2 - 22*z + 5. Let v be m(-15). Let r = -99 + v. Suppose -985 + 3900 = r*b. Is b a composite number?
True
Let x = 85 - 87. Is x/(-3)*(-66588)/(-8) a composite number?
True
Let j be (3*-1)/((-7)/(-1351)). Let n = 6830 + -4630. Let t = j + n. Is t a prime number?
True
Let z = 3895 + 48162. Is z a composite number?
False
Let q(o) = -o**3 - 3*o**2 - o - 1. Let d be q(-3). Let k(v) = 16*v**3 + 43*v**3 - 3*v + v + 6*v**d - 39*v**3 - 11. Is k(4) prime?
False
Let q be (30/(-20))/(4/(-142056)). Suppose -26*h + 325569 - q = 0. Is h composite?
True
Let n be (-4 - ((-8)/3 - 2))*429150. Suppose -n = -19*d - d. Is d composite?
True
Suppose -15 = -14*t + 55. Suppose -w = 5*u - 4*u - 13678, 41028 = 3*u + t*w. Is u a prime number?
True
Let w(s) = 15*s**3 - 4*s**2 - 26*s + 106. Let r(a) = -7*a**3 + 2*a**2 + 12*a - 53. Let j(g) = -13*r(g) - 6*w(g). Is j(0) prime?
True
Let n(t) = 290*t**3 - 4*t**2 + 5*t + 7. Let r = -190 - -192. Is n(r) a composite number?
True
Let k = 367 - 1500. Suppose -y = -3*y - 4752. Let a = k - y. Is a a prime number?
False
Let x be (1 + 1 + -1)*1111. Let l = -1649 - -1651. Suppose -l*p + x = -115. Is p a composite number?
False
Let f be (-150 + -2)*4/(-8). Suppose a + f = -5*d + 560, -3*d + a = -284. Let r = 22 + d. Is r a prime number?
False
Let o be (0 + -1)*(-18 - -31). Let g(c) = c**3 + 12*c**2 - 30*c - 10. Is g(o) a prime number?
True
Suppose 3575335 = -44*y + 103*y - 6299967. Is y composite?
True
Let d(y) = -3*y**2 - 8*y + 8. Let r(b) = 10*b**2 + 25*b - 24. Let i(s) = 14*d(s) + 4*r(s). Let n be i(-7). Is n - (-3 - -2) - -87 - 1 prime?
True
Is (-4)/(784252/392154 + -2) prime?
False
Let l(k) = -k - k + 316*